{"articles":[{"classes":["outercol"],"isFavourite":false,"isExternalUrl":{"articleLink":false},"articleListButtonsData":{"buttonsList":[{"label":"Les mer","url":"\/fornybar-energi-kraft\/?Article=6493","type":"readmore"}],"mode":"default"},"favouriteType":null,"mnu":null,"section":null,"displayId":true,"docId":6493,"identifier":"6493Article","docType":"Article","customDate":false,"teaserData":{"teaserText":"","mode":"default"},"content":{"teaser":"","intro":"Narvik \/ Bergen, 2. september 2025 - Narvik Kjernekraft AS leverte i dag en melding med forslag til utredningsprogram til Energidepartementet. Meldingen er f\u00f8rste formelle steg p\u00e5 veien mot etablering av et kjernekraftverk basert p\u00e5 sm\u00e5 modul\u00e6re reaktorer (SMR) i Narvik. Etter at departementet har fastsatt utredningsprogrammet, kan en grundig konsekvensutredning starte."},"titles":{"main":"Pressemelding fra Narvik Kjernekraft AS","readMoreButton":"Les mer"},"urls":{"readMore":"\/fornybar-energi-kraft\/?Article=6493","booking":null},"created":{"date":"03.09.2025","time":"08:55","timestamp":1756882500},"introAllowHtml":false,"hasTicket":false,"extra":null,"hasReadMore":true,"media":{"imageData":{"path":"\/sites\/f\/futurum.no\/files\/2025\/09\/hk_reaktorer.jpg","width":5760,"height":3240,"aspectRatio":1.7777777777777777},"previewImageUrl":"\/sites\/f\/futurum.no\/files\/2025\/09\/hk_reaktorer.jpg?cropToFit=100x59&quality=50","imageVariants":[{"path":"\/sites\/f\/futurum.no\/files\/2025\/09\/hk_reaktorer.jpg?cropToFit=100x59&quality=75","width":100,"height":59,"aspectRatio":1.694915254237288},{"path":"\/sites\/f\/futurum.no\/files\/2025\/09\/hk_reaktorer.jpg?cropToFit=200x118&quality=75","width":200,"height":118,"aspectRatio":1.694915254237288},{"path":"\/sites\/f\/futurum.no\/files\/2025\/09\/hk_reaktorer.jpg?cropToFit=400x235&quality=75","width":400,"height":235,"aspectRatio":1.702127659574468},{"path":"\/sites\/f\/futurum.no\/files\/2025\/09\/hk_reaktorer.jpg?cropToFit=600x353&quality=75","width":600,"height":353,"aspectRatio":1.6997167138810199},{"path":"\/sites\/f\/futurum.no\/files\/2025\/09\/hk_reaktorer.jpg?cropToFit=800x471&quality=75","width":800,"height":471,"aspectRatio":1.6985138004246285},{"path":"\/sites\/f\/futurum.no\/files\/2025\/09\/hk_reaktorer.jpg?cropToFit=1000x588&quality=75","width":1000,"height":588,"aspectRatio":1.7006802721088434},{"path":"\/sites\/f\/futurum.no\/files\/2025\/09\/hk_reaktorer.jpg?cropToFit=1200x706&quality=75","width":1200,"height":706,"aspectRatio":1.6997167138810199}],"image":"\/sites\/f\/futurum.no\/files\/2025\/09\/hk_reaktorer.jpg","aspect":1.694915254237288,"type":"image","description":"HK reaktor"},"additionalData":[]},{"classes":["outercol"],"isFavourite":false,"isExternalUrl":{"articleLink":false},"articleListButtonsData":{"buttonsList":[{"label":"Les mer","url":"\/fornybar-energi-kraft\/?Article=922","type":"readmore"}],"mode":"default"},"favouriteType":null,"mnu":null,"section":null,"displayId":true,"docId":922,"identifier":"922Article","docType":"Article","customDate":false,"teaserData":{"teaserText":"Aker og Statkraft publiserte pressemelding mandag ","mode":"default"},"content":{"teaser":"Aker og Statkraft publiserte pressemelding mandag ","intro":"Narvik, 16 oktober 2023: Statkraft, Europas st\u00f8rste produsent av fornybar energi, g\u00e5r inn som partner i Aker Horizons storskala gr\u00f8nt hydrogen- og ammoniakkprosjekt i Narvik. "},"titles":{"main":"Aker Horizons og Statkraft g\u00e5r sammen om \u00e5 utvikle storskala gr\u00f8nt ammoniakkprosjekt i Narvik","readMoreButton":"Les mer"},"urls":{"readMore":"\/fornybar-energi-kraft\/?Article=922","booking":null},"created":{"date":"16.10.2023","time":"11:59","timestamp":1697450340},"introAllowHtml":false,"hasTicket":false,"extra":null,"hasReadMore":true,"media":{"imageData":{"path":"\/sites\/f\/futurum.no\/files\/2048px-aker-asa-logo.svg.png","width":2048,"height":2048,"aspectRatio":1},"previewImageUrl":"\/sites\/f\/futurum.no\/files\/2048px-aker-asa-logo.svg.png?cropToFit=100x59&quality=50","imageVariants":[{"path":"\/sites\/f\/futurum.no\/files\/2048px-aker-asa-logo.svg.png?cropToFit=100x59&quality=75","width":100,"height":59,"aspectRatio":1.694915254237288},{"path":"\/sites\/f\/futurum.no\/files\/2048px-aker-asa-logo.svg.png?cropToFit=200x118&quality=75","width":200,"height":118,"aspectRatio":1.694915254237288},{"path":"\/sites\/f\/futurum.no\/files\/2048px-aker-asa-logo.svg.png?cropToFit=400x235&quality=75","width":400,"height":235,"aspectRatio":1.702127659574468},{"path":"\/sites\/f\/futurum.no\/files\/2048px-aker-asa-logo.svg.png?cropToFit=600x353&quality=75","width":600,"height":353,"aspectRatio":1.6997167138810199},{"path":"\/sites\/f\/futurum.no\/files\/2048px-aker-asa-logo.svg.png?cropToFit=800x471&quality=75","width":800,"height":471,"aspectRatio":1.6985138004246285},{"path":"\/sites\/f\/futurum.no\/files\/2048px-aker-asa-logo.svg.png?cropToFit=1000x588&quality=75","width":1000,"height":588,"aspectRatio":1.7006802721088434},{"path":"\/sites\/f\/futurum.no\/files\/2048px-aker-asa-logo.svg.png?cropToFit=1200x706&quality=75","width":1200,"height":706,"aspectRatio":1.6997167138810199}],"image":"\/sites\/f\/futurum.no\/files\/2048px-aker-asa-logo.svg.png","aspect":1.694915254237288,"type":"image","description":null},"additionalData":[]},{"classes":["outercol"],"isFavourite":false,"isExternalUrl":{"articleLink":false},"articleListButtonsData":{"buttonsList":[{"label":"Les mer","url":"\/fornybar-energi-kraft\/?Article=822","type":"readmore"}],"mode":"default"},"favouriteType":null,"mnu":null,"section":null,"displayId":true,"docId":822,"identifier":"822Article","docType":"Article","customDate":false,"teaserData":{"teaserText":"08. september kl 14:00-17:00 UiT ( Auditorium 2)","mode":"default"},"content":{"teaser":"08. september kl 14:00-17:00 UiT ( Auditorium 2)","intro":"Kan stabil, kortreist kjernekraft sikre et fremtidig industril\u00f8ft i nord? "},"titles":{"main":"\u00c5pent folkem\u00f8te om kjernekraft i Nord-Norge ","readMoreButton":"Les mer"},"urls":{"readMore":"\/fornybar-energi-kraft\/?Article=822","booking":null},"created":{"date":"28.08.2023","time":"09:37","timestamp":1693208220},"introAllowHtml":false,"hasTicket":false,"extra":null,"hasReadMore":true,"media":{"imageData":{"path":"\/sites\/f\/futurum.no\/files\/sunniva_rose.png","width":990,"height":885,"aspectRatio":1.11864406779661},"previewImageUrl":"\/sites\/f\/futurum.no\/files\/sunniva_rose.png?cropToFit=100x59&quality=50","imageVariants":[{"path":"\/sites\/f\/futurum.no\/files\/sunniva_rose.png?cropToFit=100x59&quality=75","width":100,"height":59,"aspectRatio":1.694915254237288},{"path":"\/sites\/f\/futurum.no\/files\/sunniva_rose.png?cropToFit=200x118&quality=75","width":200,"height":118,"aspectRatio":1.694915254237288},{"path":"\/sites\/f\/futurum.no\/files\/sunniva_rose.png?cropToFit=400x235&quality=75","width":400,"height":235,"aspectRatio":1.702127659574468},{"path":"\/sites\/f\/futurum.no\/files\/sunniva_rose.png?cropToFit=600x353&quality=75","width":600,"height":353,"aspectRatio":1.6997167138810199},{"path":"\/sites\/f\/futurum.no\/files\/sunniva_rose.png?cropToFit=800x471&quality=75","width":800,"height":471,"aspectRatio":1.6985138004246285},{"path":"\/sites\/f\/futurum.no\/files\/sunniva_rose.png?cropToFit=1000x588&quality=75","width":990,"height":582,"aspectRatio":1.7010309278350515},{"path":"\/sites\/f\/futurum.no\/files\/sunniva_rose.png?cropToFit=1200x706&quality=75","width":990,"height":582,"aspectRatio":1.7010309278350515}],"image":"\/sites\/f\/futurum.no\/files\/sunniva_rose.png","aspect":1.694915254237288,"type":"image","description":null},"additionalData":[]},{"classes":["outercol"],"isFavourite":false,"isExternalUrl":{"articleLink":false},"articleListButtonsData":{"buttonsList":[{"label":"Les mer","url":"\/fornybar-energi-kraft\/?Article=711","type":"readmore"}],"mode":"default"},"favouriteType":null,"mnu":null,"section":null,"displayId":true,"docId":711,"identifier":"711Article","docType":"Article","customDate":false,"teaserData":{"teaserText":"Vellykket kjernekraft-seminar","mode":"default"},"content":{"teaser":"Vellykket kjernekraft-seminar","intro":"- Vi m\u00e5 v\u00e6re nysgjerrige, og villige til \u00e5 tenke nytt, sier Lars Sigurd Eide, n\u00e6ringssjef og direkt\u00f8r i Futurum. Det er viktig \u00e5 tilegne seg informasjon og kunnskap, f\u00f8r beslutninger tas. "},"titles":{"main":"Mindre modul\u00e6re kjernekraftverk - aktuelt for Narvik?","readMoreButton":"Les mer"},"urls":{"readMore":"\/fornybar-energi-kraft\/?Article=711","booking":null},"created":{"date":"30.03.2023","time":"10:47","timestamp":1680166020},"introAllowHtml":false,"hasTicket":false,"extra":null,"hasReadMore":true,"media":{"imageData":{"path":"\/sites\/f\/futurum.no\/files\/r0009762.jpg","width":3600,"height":2400,"aspectRatio":1.5},"previewImageUrl":"\/sites\/f\/futurum.no\/files\/r0009762.jpg?cropToFit=100x59&quality=50","imageVariants":[{"path":"\/sites\/f\/futurum.no\/files\/r0009762.jpg?cropToFit=100x59&quality=75","width":100,"height":59,"aspectRatio":1.694915254237288},{"path":"\/sites\/f\/futurum.no\/files\/r0009762.jpg?cropToFit=200x118&quality=75","width":200,"height":118,"aspectRatio":1.694915254237288},{"path":"\/sites\/f\/futurum.no\/files\/r0009762.jpg?cropToFit=400x235&quality=75","width":400,"height":235,"aspectRatio":1.702127659574468},{"path":"\/sites\/f\/futurum.no\/files\/r0009762.jpg?cropToFit=600x353&quality=75","width":600,"height":353,"aspectRatio":1.6997167138810199},{"path":"\/sites\/f\/futurum.no\/files\/r0009762.jpg?cropToFit=800x471&quality=75","width":800,"height":471,"aspectRatio":1.6985138004246285},{"path":"\/sites\/f\/futurum.no\/files\/r0009762.jpg?cropToFit=1000x588&quality=75","width":1000,"height":588,"aspectRatio":1.7006802721088434},{"path":"\/sites\/f\/futurum.no\/files\/r0009762.jpg?cropToFit=1200x706&quality=75","width":1200,"height":706,"aspectRatio":1.6997167138810199}],"image":"\/sites\/f\/futurum.no\/files\/r0009762.jpg","aspect":1.694915254237288,"type":"image","description":"Kommunestyresalen i Narvik. Martin Hjelmeland, NTNU. Steffen S\u00e6le, Norsk Kjernekraft. Lars Sigurd E"},"additionalData":[]},{"classes":["outercol"],"isFavourite":false,"isExternalUrl":{"articleLink":false},"articleListButtonsData":{"buttonsList":[{"label":"Les mer","url":"\/fornybar-energi-kraft\/?Article=183","type":"readmore"}],"mode":"default"},"favouriteType":null,"mnu":null,"section":null,"displayId":true,"docId":183,"identifier":"183Article","docType":"Article","customDate":false,"teaserData":{"teaserText":"","mode":"default"},"content":{"teaser":"","intro":"M\u00e5let er at Narvik sammen med andre kraftakt\u00f8rer i regionen, skal bli fornybarhovedstaden i Nord-Norge."},"titles":{"main":"Fornybar energi\/kraft","readMoreButton":"Les mer"},"urls":{"readMore":"\/fornybar-energi-kraft\/?Article=183","booking":null},"created":{"date":"22.02.2018","time":"13:56","timestamp":1519304160},"introAllowHtml":false,"hasTicket":false,"extra":null,"hasReadMore":true,"media":{"contexts":[],"previewImageUrl":"","imageVariants":[],"image":null,"aspect":null,"type":"image","description":""},"additionalData":[]}],"pages":[1],"currentPage":1,"sections":[]}

Narvik / Bergen, 2. september 2025 - Narvik Kjernekraft AS leverte i dag en melding med forslag til utredningsprogram til Energidepartementet. Meldingen er første formelle steg på veien mot etablering av et kjernekraftverk basert på små modulære reaktorer (SMR) i Narvik. Etter at departementet har fastsatt utredningsprogrammet, kan en grundig konsekvensutredning starte.

Narvik, 16 oktober 2023: Statkraft, Europas største produsent av fornybar energi, går inn som partner i Aker Horizons storskala grønt hydrogen- og ammoniakkprosjekt i Narvik.

Aker Horizons og Statkraft går sammen om å utvikle storskala grønt ammoniakkprosjekt i Narvik

Kan stabil, kortreist kjernekraft sikre et fremtidig industriløft i nord?

Åpent folkemøte om kjernekraft i Nord-Norge

- Vi må være nysgjerrige, og villige til å tenke nytt, sier Lars Sigurd Eide, næringssjef og direktør i Futurum. Det er viktig å tilegne seg informasjon og kunnskap, før beslutninger tas.

Mindre modulære kjernekraftverk - aktuelt for Narvik?

Kommunestyresalen i Narvik. Martin Hjelmeland, NTNU. Steffen Sæle, Norsk Kjernekraft. Lars Sigurd E

Målet er at Narvik sammen med andre kraftaktører i regionen, skal bli fornybarhovedstaden i Nord-Norge.
