{"articles":[{"classes":["outercol"],"isFavourite":false,"isExternalUrl":{"articleLink":false},"articleListButtonsData":{"buttonsList":[{"label":"Les mer","url":"\/prosjekter\/?Article=6493","type":"readmore"}],"mode":"default"},"favouriteType":null,"mnu":null,"section":null,"displayId":true,"docId":6493,"identifier":"6493Article","docType":"Article","customDate":false,"teaserData":{"teaserText":"","mode":"default"},"content":{"teaser":"","intro":"Narvik \/ Bergen, 2. september 2025 - Narvik Kjernekraft AS leverte i dag en melding med forslag til utredningsprogram til Energidepartementet. Meldingen er f\u00f8rste formelle steg p\u00e5 veien mot etablering av et kjernekraftverk basert p\u00e5 sm\u00e5 modul\u00e6re reaktorer (SMR) i Narvik. Etter at departementet har fastsatt utredningsprogrammet, kan en grundig konsekvensutredning starte."},"titles":{"main":"Pressemelding fra Narvik Kjernekraft AS","readMoreButton":"Les mer"},"urls":{"readMore":"\/prosjekter\/?Article=6493","booking":null},"created":{"date":"03.09.2025","time":"08:55","timestamp":1756882500},"introAllowHtml":false,"hasTicket":false,"extra":null,"hasReadMore":true,"media":{"imageData":{"path":"\/sites\/f\/futurum.no\/files\/2025\/09\/hk_reaktorer.jpg","width":5760,"height":3240,"aspectRatio":1.7777777777777777},"previewImageUrl":"\/sites\/f\/futurum.no\/files\/2025\/09\/hk_reaktorer.jpg?cropToFit=100x59&quality=50","imageVariants":[{"path":"\/sites\/f\/futurum.no\/files\/2025\/09\/hk_reaktorer.jpg?cropToFit=100x59&quality=75","width":100,"height":59,"aspectRatio":1.694915254237288},{"path":"\/sites\/f\/futurum.no\/files\/2025\/09\/hk_reaktorer.jpg?cropToFit=200x118&quality=75","width":200,"height":118,"aspectRatio":1.694915254237288},{"path":"\/sites\/f\/futurum.no\/files\/2025\/09\/hk_reaktorer.jpg?cropToFit=400x235&quality=75","width":400,"height":235,"aspectRatio":1.702127659574468},{"path":"\/sites\/f\/futurum.no\/files\/2025\/09\/hk_reaktorer.jpg?cropToFit=600x353&quality=75","width":600,"height":353,"aspectRatio":1.6997167138810199},{"path":"\/sites\/f\/futurum.no\/files\/2025\/09\/hk_reaktorer.jpg?cropToFit=800x471&quality=75","width":800,"height":471,"aspectRatio":1.6985138004246285},{"path":"\/sites\/f\/futurum.no\/files\/2025\/09\/hk_reaktorer.jpg?cropToFit=1000x588&quality=75","width":1000,"height":588,"aspectRatio":1.7006802721088434},{"path":"\/sites\/f\/futurum.no\/files\/2025\/09\/hk_reaktorer.jpg?cropToFit=1200x706&quality=75","width":1200,"height":706,"aspectRatio":1.6997167138810199}],"image":"\/sites\/f\/futurum.no\/files\/2025\/09\/hk_reaktorer.jpg","aspect":1.694915254237288,"type":"image","description":"HK reaktor"},"additionalData":[]},{"classes":["outercol"],"isFavourite":false,"isExternalUrl":{"articleLink":false},"articleListButtonsData":{"buttonsList":[{"label":"Les mer","url":"\/prosjekter\/?Article=858","type":"readmore"}],"mode":"default"},"favouriteType":null,"mnu":null,"section":null,"displayId":true,"docId":858,"identifier":"858Article","docType":"Article","customDate":false,"teaserData":{"teaserText":"Id\u00e9myldring for \u00e5 styrke grunnlaget for fiske.","mode":"default"},"content":{"teaser":"Id\u00e9myldring for \u00e5 styrke grunnlaget for fiske.","intro":"06. september m\u00f8ttes flere akt\u00f8rer og politikere for \u00e5 diskutere mulige l\u00f8sninger p\u00e5 utfordringer for fiskeriakt\u00f8rer rundt Narvik- og Hamar\u00f8y kommune. "},"titles":{"main":"M\u00f8te om fremtidens fiskerin\u00e6ring i v\u00e5r region","readMoreButton":"Les mer"},"urls":{"readMore":"\/prosjekter\/?Article=858","booking":null},"created":{"date":"07.09.2023","time":"10:52","timestamp":1694076720},"introAllowHtml":false,"hasTicket":false,"extra":null,"hasReadMore":true,"media":{"imageData":{"path":"\/sites\/f\/futurum.no\/files\/deltakere_p___omvisning.jpg","width":4032,"height":3024,"aspectRatio":1.3333333333333333},"previewImageUrl":"\/sites\/f\/futurum.no\/files\/deltakere_p___omvisning.jpg?cropToFit=100x59&quality=50","imageVariants":[{"path":"\/sites\/f\/futurum.no\/files\/deltakere_p___omvisning.jpg?cropToFit=100x59&quality=75","width":100,"height":59,"aspectRatio":1.694915254237288},{"path":"\/sites\/f\/futurum.no\/files\/deltakere_p___omvisning.jpg?cropToFit=200x118&quality=75","width":200,"height":118,"aspectRatio":1.694915254237288},{"path":"\/sites\/f\/futurum.no\/files\/deltakere_p___omvisning.jpg?cropToFit=400x235&quality=75","width":400,"height":235,"aspectRatio":1.702127659574468},{"path":"\/sites\/f\/futurum.no\/files\/deltakere_p___omvisning.jpg?cropToFit=600x353&quality=75","width":600,"height":353,"aspectRatio":1.6997167138810199},{"path":"\/sites\/f\/futurum.no\/files\/deltakere_p___omvisning.jpg?cropToFit=800x471&quality=75","width":800,"height":471,"aspectRatio":1.6985138004246285},{"path":"\/sites\/f\/futurum.no\/files\/deltakere_p___omvisning.jpg?cropToFit=1000x588&quality=75","width":1000,"height":588,"aspectRatio":1.7006802721088434},{"path":"\/sites\/f\/futurum.no\/files\/deltakere_p___omvisning.jpg?cropToFit=1200x706&quality=75","width":1200,"height":706,"aspectRatio":1.6997167138810199}],"image":"\/sites\/f\/futurum.no\/files\/deltakere_p___omvisning.jpg","aspect":1.694915254237288,"type":"image","description":null},"additionalData":[]},{"classes":["outercol"],"isFavourite":false,"isExternalUrl":{"articleLink":false},"articleListButtonsData":{"buttonsList":[{"label":"Les mer","url":"\/prosjekter\/?Article=817","type":"readmore"}],"mode":"default"},"favouriteType":null,"mnu":null,"section":null,"displayId":true,"docId":817,"identifier":"817Article","docType":"Article","customDate":false,"teaserData":{"teaserText":"Narvikregionen som B\u00e6rekraftig reisem\u00e5l","mode":"default"},"content":{"teaser":"Narvikregionen som B\u00e6rekraftig reisem\u00e5l","intro":""},"titles":{"main":"Innbyggerunders\u00f8kelse - B\u00e6rekraftig reisem\u00e5l","readMoreButton":"Les mer"},"urls":{"readMore":"\/prosjekter\/?Article=817","booking":null},"created":{"date":"21.08.2023","time":"10:25","timestamp":1692606300},"introAllowHtml":false,"hasTicket":false,"extra":null,"hasReadMore":true,"media":{"imageData":{"path":"\/sites\/f\/futurum.no\/files\/010067_michael-ulriksen_visit-narvik.jpg","width":2000,"height":1311,"aspectRatio":1.5255530129672006},"previewImageUrl":"\/sites\/f\/futurum.no\/files\/010067_michael-ulriksen_visit-narvik.jpg?cropToFit=100x59&quality=50","imageVariants":[{"path":"\/sites\/f\/futurum.no\/files\/010067_michael-ulriksen_visit-narvik.jpg?cropToFit=100x59&quality=75","width":100,"height":59,"aspectRatio":1.694915254237288},{"path":"\/sites\/f\/futurum.no\/files\/010067_michael-ulriksen_visit-narvik.jpg?cropToFit=200x118&quality=75","width":200,"height":118,"aspectRatio":1.694915254237288},{"path":"\/sites\/f\/futurum.no\/files\/010067_michael-ulriksen_visit-narvik.jpg?cropToFit=400x235&quality=75","width":400,"height":235,"aspectRatio":1.702127659574468},{"path":"\/sites\/f\/futurum.no\/files\/010067_michael-ulriksen_visit-narvik.jpg?cropToFit=600x353&quality=75","width":600,"height":353,"aspectRatio":1.6997167138810199},{"path":"\/sites\/f\/futurum.no\/files\/010067_michael-ulriksen_visit-narvik.jpg?cropToFit=800x471&quality=75","width":800,"height":471,"aspectRatio":1.6985138004246285},{"path":"\/sites\/f\/futurum.no\/files\/010067_michael-ulriksen_visit-narvik.jpg?cropToFit=1000x588&quality=75","width":1000,"height":588,"aspectRatio":1.7006802721088434},{"path":"\/sites\/f\/futurum.no\/files\/010067_michael-ulriksen_visit-narvik.jpg?cropToFit=1200x706&quality=75","width":1200,"height":706,"aspectRatio":1.6997167138810199}],"image":"\/sites\/f\/futurum.no\/files\/010067_michael-ulriksen_visit-narvik.jpg","aspect":1.694915254237288,"type":"image","description":"Familie p\u00e5 tur i vakkert fjellandskap"},"additionalData":[]},{"classes":["outercol"],"isFavourite":false,"isExternalUrl":{"articleLink":false},"articleListButtonsData":{"buttonsList":[{"label":"Les mer","url":"\/prosjekter\/?Article=711","type":"readmore"}],"mode":"default"},"favouriteType":null,"mnu":null,"section":null,"displayId":true,"docId":711,"identifier":"711Article","docType":"Article","customDate":false,"teaserData":{"teaserText":"Vellykket kjernekraft-seminar","mode":"default"},"content":{"teaser":"Vellykket kjernekraft-seminar","intro":"- Vi m\u00e5 v\u00e6re nysgjerrige, og villige til \u00e5 tenke nytt, sier Lars Sigurd Eide, n\u00e6ringssjef og direkt\u00f8r i Futurum. Det er viktig \u00e5 tilegne seg informasjon og kunnskap, f\u00f8r beslutninger tas. "},"titles":{"main":"Mindre modul\u00e6re kjernekraftverk - aktuelt for Narvik?","readMoreButton":"Les mer"},"urls":{"readMore":"\/prosjekter\/?Article=711","booking":null},"created":{"date":"30.03.2023","time":"10:47","timestamp":1680166020},"introAllowHtml":false,"hasTicket":false,"extra":null,"hasReadMore":true,"media":{"imageData":{"path":"\/sites\/f\/futurum.no\/files\/r0009762.jpg","width":3600,"height":2400,"aspectRatio":1.5},"previewImageUrl":"\/sites\/f\/futurum.no\/files\/r0009762.jpg?cropToFit=100x59&quality=50","imageVariants":[{"path":"\/sites\/f\/futurum.no\/files\/r0009762.jpg?cropToFit=100x59&quality=75","width":100,"height":59,"aspectRatio":1.694915254237288},{"path":"\/sites\/f\/futurum.no\/files\/r0009762.jpg?cropToFit=200x118&quality=75","width":200,"height":118,"aspectRatio":1.694915254237288},{"path":"\/sites\/f\/futurum.no\/files\/r0009762.jpg?cropToFit=400x235&quality=75","width":400,"height":235,"aspectRatio":1.702127659574468},{"path":"\/sites\/f\/futurum.no\/files\/r0009762.jpg?cropToFit=600x353&quality=75","width":600,"height":353,"aspectRatio":1.6997167138810199},{"path":"\/sites\/f\/futurum.no\/files\/r0009762.jpg?cropToFit=800x471&quality=75","width":800,"height":471,"aspectRatio":1.6985138004246285},{"path":"\/sites\/f\/futurum.no\/files\/r0009762.jpg?cropToFit=1000x588&quality=75","width":1000,"height":588,"aspectRatio":1.7006802721088434},{"path":"\/sites\/f\/futurum.no\/files\/r0009762.jpg?cropToFit=1200x706&quality=75","width":1200,"height":706,"aspectRatio":1.6997167138810199}],"image":"\/sites\/f\/futurum.no\/files\/r0009762.jpg","aspect":1.694915254237288,"type":"image","description":"Kommunestyresalen i Narvik. Martin Hjelmeland, NTNU. Steffen S\u00e6le, Norsk Kjernekraft. Lars Sigurd E"},"additionalData":[]},{"classes":["outercol"],"isFavourite":false,"isExternalUrl":{"articleLink":false},"articleListButtonsData":{"buttonsList":[{"label":"Les mer","url":"\/prosjekter\/?Article=363","type":"readmore"}],"mode":"default"},"favouriteType":null,"mnu":null,"section":null,"displayId":true,"docId":363,"identifier":"363Article","docType":"Article","customDate":false,"teaserData":{"teaserText":"","mode":"default"},"content":{"teaser":"","intro":"Futurum er Narvik kommunes fremste ressurs for n\u00e6ringsutvikling. "},"titles":{"main":"Futurums oppgaver","readMoreButton":"Les mer"},"urls":{"readMore":"\/prosjekter\/?Article=363","booking":null},"created":{"date":"04.11.2021","time":"13:27","timestamp":1636028820},"introAllowHtml":false,"hasTicket":false,"extra":null,"hasReadMore":true,"media":{"contexts":[],"previewImageUrl":"","imageVariants":[],"image":null,"aspect":null,"type":"image","description":""},"additionalData":[]},{"classes":["outercol"],"isFavourite":false,"isExternalUrl":{"articleLink":false},"articleListButtonsData":{"buttonsList":[{"label":"Les mer","url":"\/prosjekter\/?Article=329","type":"readmore"}],"mode":"default"},"favouriteType":null,"mnu":null,"section":null,"displayId":true,"docId":329,"identifier":"329Article","docType":"Article","customDate":false,"teaserData":{"teaserText":"Innbyggermedvirkning","mode":"default"},"content":{"teaser":"Innbyggermedvirkning","intro":"Slik kan du p\u00e5virke i Narvik kommune! "},"titles":{"main":"Bygdeutviklingslag i Narvik kommune","readMoreButton":"Les mer"},"urls":{"readMore":"\/prosjekter\/?Article=329","booking":null},"created":{"date":"19.03.2021","time":"10:50","timestamp":1616147400},"introAllowHtml":false,"hasTicket":false,"extra":null,"hasReadMore":true,"media":{"imageData":{"path":"\/sites\/f\/futurum.no\/files\/footergrafikk.png","width":2500,"height":443,"aspectRatio":5.643340857787811},"previewImageUrl":"\/sites\/f\/futurum.no\/files\/footergrafikk.png?cropToFit=100x59&quality=50","imageVariants":[{"path":"\/sites\/f\/futurum.no\/files\/footergrafikk.png?cropToFit=100x59&quality=75","width":100,"height":59,"aspectRatio":1.694915254237288},{"path":"\/sites\/f\/futurum.no\/files\/footergrafikk.png?cropToFit=200x118&quality=75","width":200,"height":118,"aspectRatio":1.694915254237288},{"path":"\/sites\/f\/futurum.no\/files\/footergrafikk.png?cropToFit=400x235&quality=75","width":400,"height":235,"aspectRatio":1.702127659574468},{"path":"\/sites\/f\/futurum.no\/files\/footergrafikk.png?cropToFit=600x353&quality=75","width":600,"height":353,"aspectRatio":1.6997167138810199},{"path":"\/sites\/f\/futurum.no\/files\/footergrafikk.png?cropToFit=800x471&quality=75","width":752,"height":443,"aspectRatio":1.6975169300225734},{"path":"\/sites\/f\/futurum.no\/files\/footergrafikk.png?cropToFit=1000x588&quality=75","width":753,"height":443,"aspectRatio":1.6997742663656885},{"path":"\/sites\/f\/futurum.no\/files\/footergrafikk.png?cropToFit=1200x706&quality=75","width":753,"height":443,"aspectRatio":1.6997742663656885}],"image":"\/sites\/f\/futurum.no\/files\/footergrafikk.png","aspect":1.694915254237288,"type":"image","description":null},"additionalData":[]}],"pages":[1],"currentPage":1,"sections":[]}

Narvik / Bergen, 2. september 2025 - Narvik Kjernekraft AS leverte i dag en melding med forslag til utredningsprogram til Energidepartementet. Meldingen er første formelle steg på veien mot etablering av et kjernekraftverk basert på små modulære reaktorer (SMR) i Narvik. Etter at departementet har fastsatt utredningsprogrammet, kan en grundig konsekvensutredning starte.

Idémyldring for å styrke grunnlaget for fiske.

06. september møttes flere aktører og politikere for å diskutere mulige løsninger på utfordringer for fiskeriaktører rundt Narvik- og Hamarøy kommune.

Møte om fremtidens fiskerinæring i vår region

Narvikregionen som Bærekraftig reisemål

Innbyggerundersøkelse - Bærekraftig reisemål

Familie på tur i vakkert fjellandskap

- Vi må være nysgjerrige, og villige til å tenke nytt, sier Lars Sigurd Eide, næringssjef og direktør i Futurum. Det er viktig å tilegne seg informasjon og kunnskap, før beslutninger tas.

Mindre modulære kjernekraftverk - aktuelt for Narvik?

Kommunestyresalen i Narvik. Martin Hjelmeland, NTNU. Steffen Sæle, Norsk Kjernekraft. Lars Sigurd E

Futurum er Narvik kommunes fremste ressurs for næringsutvikling.

Slik kan du påvirke i Narvik kommune!
